+ 62 = i*w. What is the units digit of u?
5
Suppose n - 3*n - 36 = 0. Let z = n - -14. What is the units digit of (-58)/z + 1/(-2)?
4
Let j = 192 - -370. What is the units digit of j?
2
Let w be 3/12 + 27/4. Let u(s) = -11 - w - 2*s + s**2 + 6. What is the units digit of u(6)?
2
Suppose 40*j - 58*j = -99576. What is the hundreds digit of j?
5
Let q = -29 + 22. Let i = 5 - q. What is the tens digit of i?
1
Suppose -3*m = 3*d + 6, -2*m + 1 = d - 4*d. What is the tens digit of 59 - d - (3 + -2)?
5
What is the thousands digit of ((-5452)/6)/((-13)/39)?
2
Suppose 4*r + 15 = -r. Let v be (35 - -2)*(10 + r). What is the units digit of v/21 - 1/3?
2
Let c = -20 + 11. Let v = 12 + c. Suppose -5*u - 93 = -v*g - 26, 4*u = -3*g + 49. What is the units digit of g?
9
Suppose -4*l + 4*o - 3148 + 168 = 0, -2*l = -3*o + 1493. What is the tens digit of (-33)/99 - l/3?
4
Let h = -46 + 65. Let z = 19 - h. Suppose z = -d + 20 + 16. What is the units digit of d?
6
Suppose 135 + 57 = 2*z. Let u = 136 - z. Let w = 90 - u. What is the tens digit of w?
5
Suppose 0 = -4*r - l + 11522, 9*r + 3*l = 8*r + 2886. What is the thousands digit of r?
2
Let y = 37 - -42. Suppose 0 = 3*g + g - 24. Suppose g*m - 2*m = 5*v + y, -3*m + 63 = -3*v. What is the units digit of m?
6
Suppose 10*a = 9*a + 2. Suppose -5*p + 8 = -b, 2*p + 4 = 3*b + a. What is the units digit of p?
2
Suppose -3*a = -4214 + 923. Suppose -5*l + a = 97. What is the hundreds digit of l?
2
Suppose -26*b = -27*b + 357. What is the units digit of b?
7
Suppose 4*x = 2*l - 506, 0*l = 5*l - x - 1310. Let i = l - 177. What is the units digit of i?
6
Let r(z) = -z**2 + 10*z + 19. Let w be r(12). What is the units digit of (w - 0)*136/(-10)?
8
Let q(m) = m**2 + m - 1. Let d(y) = 2*y**2 - 6*y + 3. Let z(l) = d(l) + 2*q(l). What is the tens digit of z(3)?
2
Suppose 0 = -5*s - 3*s + 736. Let j = s + -61. What is the tens digit of j?
3
Suppose -359 = -v - 47. Suppose -4*w + 48 - v = -3*c, -5*c = -4*w - 432. What is the tens digit of c?
8
Let n(y) = 649*y**2 - 3*y - 5. What is the hundreds digit of n(-1)?
6
Suppose 5*n + 4*p - 2 = 0, 3*n - 6 = n + p. What is the units digit of n/(-6) + (-130)/(-3)?
3
Let m = 51 + 1220. What is the thousands digit of m?
1
Let d(h) = -3*h - 9. Let s be d(-7). Suppose s*y - 156 = 10*y. What is the units digit of y?
8
What is the units digit of (-3 - 2 - -1711) + -6?
0
Let m(g) = 20*g**2 + g + 16. What is the hundreds digit of m(12)?
9
Let a = 82 - 25. Let j = a + -26. Suppose 2*m + 3 - j = 0. What is the tens digit of m?
1
Suppose 12921 - 106231 = -31*b. What is the units digit of b?
0
Let q(x) = 2*x**2 + x - 12. Let b be q(3). What is the units digit of b/3 + -4 - -30?
9
Suppose -n - 4*n - 5*d = -20, 2*d = 2*n. Suppose 115 = 3*c - 5*j, -15 = 4*c + n*j - 177. What is the tens digit of c?
4
Let x(d) = -2*d - 11. Let k be x(-7). Suppose -i - 4 = k. Let l = i - -27. What is the tens digit of l?
2
Let r = -19 - -53. Let l = r + -29. Suppose l*i = 11*i - 198. What is the units digit of i?
3
Let o(r) = 207*r - 335. What is the thousands digit of o(16)?
2
Suppose -2*n + 465 = -5*s + 2*s, n = s + 233. What is the tens digit of n?
3
Let a(l) = l**3 + 1. Let x(u) = 5*u**3 + u**2 + 50. Suppose d + 2*z + 1 = 0, 4 = -2*z + 2. Let r(i) = d*x(i) - 4*a(i). What is the tens digit of r(0)?
4
Suppose 8 = -0*h + 4*h. Suppose 4*u = h*u - 5*z + 13, 2*z - 14 = -3*u. Suppose -u*g - 3*l = -0*l - 72, -l = 3*g - 59. What is the tens digit of g?
2
Suppose 0 = 5*m - 5*i - 13555, 6*m - i - 10077 = 6169. What is the units digit of m?
7
Let u(g) = -g**3 - 7*g**2 + 3*g + 12. Let r be u(-7). Let d(v) = v**3 + 11*v**2 + 8*v - 12. What is the units digit of d(r)?
8
Let z be (-2)/9 - 76/(-18). Let i(t) = -t**3 + 4*t**2 + 2*t - 3. Let n be i(z). Suppose -60 = -m - n*f, -3*m + 22 + 68 = -3*f. What is the units digit of m?
5
Suppose 3*y - 334 = -3*r + r, -5*r = 5. What is the hundreds digit of y?
1
Let a(o) = o**3 - 9*o**2 + 8*o. Let q be a(8). Let k be q - (-6 - (-1 - -1)). Suppose k*z - 2*z = 56. What is the tens digit of z?
1
Suppose 2*v + 8040 = 4*z, 55*v - 59*v = -3*z + 6025. What is the units digit of z?
1
Let m(t) be the third derivative of t**5/60 - t**4/6 + t**3/2 - 21*t**2. Let g = -6 - -11. What is the units digit of m(g)?
8
Suppose -m = -116 - 1. Let g = 204 - m. What is the tens digit of g?
8
Let s = 38 + -35. Let v = s + 49. What is the units digit of v?
2
Let a(w) = -50*w + 70. What is the tens digit of a(-12)?
7
Suppose -j = 5, -j + 4*j + 7 = 2*m. Let q be 2 + 0/(m/2). Suppose -q*y - 4 + 88 = 0. What is the tens digit of y?
4
Suppose -533 - 215 = -3*k + 2*b, 4 = 4*b. Suppose 3*u = u + k. Suppose u - 5 = 5*s. What is the units digit of s?
4
Let b = 1470 + 1226. What is the tens digit of b?
9
Let d(f) = -f**3 - 76*f**2 - 261*f - 22. What is the tens digit of d(-73)?
4
Suppose 0 = -3*k - 3. Suppose 5*b + 4*z = -2 + 11, -z + 11 = 3*b. What is the tens digit of (2 - k - b)*-8?
1
Let t = -1196 + 4995. What is the hundreds digit of t?
7
Let b be ((-4 + 4)/1)/2. What is the units digit of b/(-9) + (2 - (-97)/1)?
9
Let i be (6 + 0)*3*(-8)/(-8). What is the units digit of (-16 - 0/(-3))/(i/(-9))?
8
What is the hundreds digit of 39956/98 - 4/(-14)?
4
Suppose -25*k + 1551 = -999. What is the tens digit of k?
0
Suppose -5*r + 7571 = 2026. What is the tens digit of r?
0
Let i(h) = -2*h + 5. Let s be i(-12). Let o = 92 - s. What is the tens digit of o?
6
Let o(i) = -i - 8. Let k be o(-9). Let d be (-30)/(-12)*(1 + k). Suppose 0 = -2*y + d*x + 39, 2*x = -5*y - x + 51. What is the tens digit of y?
1
What is the thousands digit of 9162/4 - (-43)/86?
2
Let w = 4938 - 2060. What is the tens digit of w?
7
Let k(j) = 15*j - 1. Let o be k(1). Suppose -5*f = -29 + o. What is the units digit of (18/(-4))/(f/(-12))?
8
What is the hundreds digit of -3 - 2/(6/(-321))?
1
Suppose 0*m + 3*m = 0. Let b(r) = r**3 + r + 74. What is the units digit of b(m)?
4
Suppose -g + 16 = 2*w, -w + 2*g + 9 = 1. Let a(n) = 30*n - 16. Let c be a(w). What is the tens digit of (4/8)/(2/c)?
5
Suppose -4*d = -5*s - 336, -4*s + 2*s - 2*d = 138. What is the units digit of s/8*(-6 - 0)?
1
Suppose -2*s - 34 - 551 = 3*o, -5*o = s + 296. Let v = -187 - s. What is the hundreds digit of v?
1
Let n be ((-1 + 0)*-1)/(6/300). Suppose 3*o = -q + n, -4*q + 241 - 17 = 4*o. What is the units digit of q?
9
Let r be (-3)/(-5) - (-221)/65. Suppose -3*m + 0*m = 3*b - 498, -r*b - 656 = -4*m. What is the units digit of m?
5
Suppose -30*z + 79408 = -37952. What is the units digit of z?
2
Let j = -76 - -78. What is the tens digit of (j/2)/(-1)*(-1 + -177)?
7
Let c(j) = -68*j - 84. What is the units digit of c(-3)?
0
Let h(s) = s**3 + 15*s**2 - s + 0*s**2 + 0*s**3 - 2*s**3 + 20. Let d be h(15). Suppose 0 = 3*n, -n - 15 = -d*k + 3*n. What is the units digit of k?
3
Let y(j) = -j**3 - j. Suppose -4*l - l - 5 = 0. Let a be y(l). What is the units digit of 384/18 + a/(-6)?
1
Let i be 0/(-2) - 15/(-15). Suppose 4*n - i = 255. What is the tens digit of n?
6
Let c(b) = b**3 - 26*b**2 + 22*b - 130. What is the hundreds digit of c(26)?
4
Suppose -8*z - 12*z = -11080. What is the hundreds digit of z?
5
Let b be 12/(-8)*2 - 3*-2. Suppose b*t - 8 = 175. What is the units digit of t?
1
Let z(t) = 6*t**2 - 13*t + 2. Let y(i) = -7*i**2 + 15*i - 1. Let v(m) = 5*y(m) + 6*z(m). What is the hundreds digit of v(-14)?
2
Let t be 7 - (-2)/((-4)/(2*-2)). Let d(g) = g**2 + 5*g - 22. What is the units digit of d(t)?
4
Let p(f) = f**3 - 7*f**2 - 4*f - 14. Suppose r - 22 = -r + 2*c, 4*c - 12 = -3*r. Let z be p(r). Let v = z + 47. What is the tens digit of v?
6
Let s(q) = 127*q**2 - 38*q + 203. What is the hundreds digit of s(6)?
5
Let d(r) = -r + 68. What is the units digit of d(-17)?
5
Let x be ((-40)/25)/(2/(-5)). Suppose -2*a + 3*z + 13 = 0, -8 = x*a + 5*z + 21. Let n = 2 + a. What is the units digit of n?
1
Let a(v) = -17*v**2 - 5*v - 3. Let n be a(-1). What is the tens digit of ((-100)/n)/((-4)/(-24))?
4
Let i(j) = 25*j**2 - j - 1. What is the tens digit of i(4)?
9
Let h(x) be the second derivative of -2*x**5/15 - x**4/6 - 5*x**3/6 - 6*x. Let s(p) be the second derivative of h(p). What is the units digit of s(-4)?
0
What is the thousands digit of 192/(-18)*(2 - 187 - 7)?
2
Let o = -25 + 43. Let z = o + -18. Suppo